factors of (-746)/(-2) + g/((-2)/(-3)).
2, 5, 37
Let s(x) = -287*x - 174. Let h(o) = 191*o + 116. Let y(u) = -8*h(u) - 5*s(u). What are the prime factors of y(-4)?
2, 157
Let n(o) = 185*o + 115 - 251 + 121. What are the prime factors of n(2)?
5, 71
Let o = 408 + -374. Let g(f) = 82*f - 4. Let j be g(3). Suppose -3*k - m = -8*k + j, -o = -k + 5*m. List the prime factors of k.
7
Suppose 3*s = s + 10. Suppose 4*v - 3*n = 9 + 64, 0 = -3*v - s*n + 62. Suppose 4*y - v = -3*d, 0 = -6*d + 2*d - 4*y + 32. What are the prime factors of d?
13
Let t(x) = -18*x - 33. Let i be t(-7). Suppose 36*b + i = 37*b. List the prime factors of b.
3, 31
Let q(b) = -4514*b + 556. List the prime factors of q(-3).
2, 7, 19, 53
Let a(j) = -j**3 + 9*j**2 + 4*j - 3. Suppose 0 = 4*n + n - 35. Let c be a(n). Suppose 0 = 3*z - c - 3. What are the prime factors of z?
2, 3, 7
Let m(z) = z**2 + 4*z + 13. Let s be m(-5). What are the prime factors of (s + (-14)/2)*37?
11, 37
Suppose 3*z + b - 16151 = 0, -3*z + 5*z - 3*b - 10749 = 0. What are the prime factors of z?
2, 3, 13, 23
Suppose 10*m - 15 = 7*m. Let c be 1 + 2 - (43 + -45). Suppose 1559 = c*t - 3*z, -6*z - 1553 = -m*t - 5*z. List the prime factors of t.
2, 5, 31
Let a(g) = 30 + 17*g + 33 - 3 + 26. What are the prime factors of a(17)?
3, 5
Let h be 1425 + -1*(0 + 4). Suppose 2*r = 3*t - 4*t + 1418, -t + h = 3*r. What are the prime factors of t?
2, 353
Let t(q) = q**3 - 23*q**2 + 56*q - 59. Let c be t(22). Let x = 755 - c. What are the prime factors of x?
2, 3, 11
Suppose 0 = -47*y - y + 510887 + 372025. What are the prime factors of y?
2, 17, 541
Let f(p) = -p**2 + 5*p + 6. Let t be f(-1). Suppose -3*q - 3*r = -t*q + 435, -580 = 4*q + 5*r. What are the prime factors of (-40)/25*q/2?
2, 29
Suppose 0 = -3*u - 4*m + 8319, -4*u - 4221 = -4*m - 15341. List the prime factors of u.
2777
Let o = -156 + 158. Suppose 5*z - 333 - 2697 = -3*y, -3*z - o*y = -1817. What are the prime factors of z?
3, 7, 29
Let m(z) = 1131*z**2 - 25*z - 52. Let y be m(-2). List the prime factors of y/12 - 14/(-84).
13, 29
Let x be 10/30 + (-172)/(-6). Suppose x*u - 4325 = 4*u. What are the prime factors of u?
173
Let z = 6305 - 2308. What are the prime factors of z?
7, 571
Let w(o) = 25*o**3 - 4*o**2 - 9*o - 10. Let i be w(5). What are the prime factors of (20/25)/(3/i)?
2, 3, 11
Suppose 0 = -4*p - 12, -41106 + 6086 = -5*a + 5*p. What are the prime factors of a?
7001
Suppose -1542215 = -80*f + 888425. What are the prime factors of f?
23, 1321
Let t(n) = 13*n + 7*n - 19 - 28 + n. Let c be t(13). Suppose -c - 383 = -7*h. List the prime factors of h.
3, 29
Suppose 15*s - 28*s = -12376. Suppose s = -17*k + 6375. What are the prime factors of k?
11, 29
Let w(p) be the first derivative of -75*p**2 - 178*p - 88. List the prime factors of w(-9).
2, 293
Let d(z) be the first derivative of -161*z**2 - 88*z + 53. List the prime factors of d(-4).
2, 3, 5
What are the prime factors of (-698721)/(-20) - 1/20?
2, 11, 397
Let f be 1/2 + 62/4. Suppose 222*k - 182*k = -80. What are the prime factors of ((-6)/f*-2)/(k/(-576))?
2, 3
List the prime factors of (-1 - 1/(-2)*5) + 2690840/80.
33637
Let m(p) = -3*p**3 + p**2. Let v be m(-1). Suppose 2*l - 643 = -l - v*q, -2*l + 4*q + 442 = 0. Let r = -130 + l. What are the prime factors of r?
3, 29
Let s = 88799 - 59851. What are the prime factors of s?
2, 7237
Suppose 0 = -3*s, 3*s = -5*o + 880 - 100. Suppose 1286 = 5*b + o. What are the prime factors of b?
2, 113
Let d(l) = 2*l - 49. Let q be d(18). Suppose 5*c + b = -54, 4*b = c + 6*b + 9. Let z = c - q. List the prime factors of z.
2
What are the prime factors of 8*8/224 + 4/((-28)/(-120027))?
13, 1319
Let c = 89 - 85. Suppose 4*n - 5*n = -3. Suppose -p + 202 = -2*j, c*j - 621 + 55 = -n*p. What are the prime factors of p?
2, 97
Let v(f) = 5*f**3 - 55*f**2 - 11*f + 5. What are the prime factors of v(16)?
6229
Suppose 4*c + v = 9513, 5*c - 11*v + 15*v - 11883 = 0. Suppose -b = -4*y - 793, b = -2*b + 4*y + c. List the prime factors of b.
13, 61
Suppose 0 = -6*c - 13972 + 92050. What are the prime factors of c?
7, 11, 13
Let y = 36 + -32. Suppose -4*m + 3*m - y*x + 23 = 0, -4*m + x = -7. Suppose m*k = -2*v + 182, v = 3 - 8. What are the prime factors of k?
2
Let d = 124162 - 75636. What are the prime factors of d?
2, 19, 1277
Let m(b) = b + 11. Let s be m(-9). Suppose 2*y - y + s*g = 39, 225 = 5*y + 4*g. Suppose 0*q - 3*q + 155 = 4*d, y = q + 2*d. List the prime factors of q.
3, 19
Let q(w) = -7 + 6 - w + 2 + 86*w**2 - 48*w**2. Suppose 0 = -0*h + 2*h - 4. What are the prime factors of q(h)?
151
Let v be (-10486)/(-196) - (-1)/2. Suppose 0 = 61*c - v*c - 6685. What are the prime factors of c?
5, 191
Suppose 6*s + 3*s = 22806. List the prime factors of s.
2, 7, 181
Let p(l) = -l**2 + 37*l - 4. Let u be p(0). List the prime factors of u/(-28)*(4517 + 12).
647
Suppose -3*a = 4*a - 14. Let m be 3*(a - (48/9)/2). Let i(v) = -38*v - 14. List the prime factors of i(m).
2, 31
Let v(m) = 8*m**3 - 4*m**2 + 4*m + 11. Let l be v(8). Suppose -3*z - l = 1442. List the prime factors of z/(-10)*(-4)/(-10).
71
What are the prime factors of 23/92 - (-3)/6*73286/4?
9161
Let z(y) = y - 7. Let p be z(7). Let b = 445 + -442. Suppose x - 6*x + 3*d = -163, p = 3*d + b. What are the prime factors of x?
2
Let i(l) = 150*l - 5699. List the prime factors of i(85).
11, 641
Let h be (-660)/((-120)/12)*2/3. List the prime factors of h/(4 + 390/(-95))*-1.
2, 11, 19
Let f = 38082 + -21117. What are the prime factors of f?
3, 5, 13, 29
Let j(u) = 5*u**2 - 4*u - 20. Let a(p) = -5*p**2 + 3*p + 20. Let i(l) = 4*a(l) + 5*j(l). What are the prime factors of i(-8)?
2, 7, 13
Let z(g) = 2802*g + 2753. What are the prime factors of z(15)?
19, 2357
Suppose -359*s - 472066 = -408*s. List the prime factors of s.
2, 4817
Let g(x) = -x**3 - 13*x**2 + 15*x + 21. Let f be g(-14). Suppose 12*q - 30 = f*q. Suppose -2*m = -102 + q. List the prime factors of m.
2, 3
Suppose -16*q - 131 = -195. Suppose -u + 743 = -2*w + 5*w, 0 = -q*u + 5*w + 2989. List the prime factors of u.
2, 373
Suppose 122*p - 957306 = -39*p. List the prime factors of p.
2, 3, 991
Let h be 7 - (-134)/10 - 8/20. What are the prime factors of h/35*14098/4?
2, 19, 53
Suppose -3*o = k - 110, -67*o + 3*k = -62*o - 174. Suppose -y = 4*z + 92 + 44, 2*z + 68 = 5*y. Let d = o + z. What are the prime factors of d?
2
Let i be 4 - ((-4)/10 + (-8)/(-20)). Suppose 735 = q + 3*t, i*q + 6*t = 5*t + 2885. List the prime factors of q.
2, 3, 5
Let t = -11 - -21. Suppose 2124 = t*l - 8*l. Suppose -5*d - d = -l. What are the prime factors of d?
3, 59
Let z be (-3)/((-12)/(-8)*-1). Let o(l) = 3*l**3 + l**2 - 8*l + 5. Let k be o(z). Let s = 28 - k. List the prime factors of s.
11
Let a be 11/3 - (-1)/3. Suppose -a*g - j = 4*j - 15, -20 = -3*g + 5*j. Suppose -5*h + 66 = 4*y, -g*y = -2 + 7. What are the prime factors of h?
2, 7
Let s = 18818 - 9668. Suppose s = 5*i + 3*v, -3*i + 4*i - 3*v = 1848. What are the prime factors of i?
3, 13, 47
What are the prime factors of (20690/(-6) - 1)/(21 + 3200/(-150))?
2, 13, 199
Suppose 15*y + 22396 = 3*z + 20*y, 2*z - 2*y - 14952 = 0. What are the prime factors of z?
2, 467
Suppose -37*d + 21*d + 675176 = 268424. What are the prime factors of d?
2, 3, 19, 223
Suppose f + 11*f = -2088. Let u = f + 250. List the prime factors of u.
2, 19
Let h = -7793 + 16350. What are the prime factors of h?
43, 199
Let p be 17/34 - (-57)/(-2). Let g = -61 + 111. Let n = p + g. List the prime factors of n.
2, 11
Let z(q) = -2*q**3 + 76*q**2 - 163*q + 11. What are the prime factors of z(33)?
2, 11, 251
Let r = 5615 - 3716. Let m be (1/(-2))/(16/(-192)). List the prime factors of r/7 - m/21.
271
Suppose 4 = f + f, -4*z - 660 = 4*f. Let o = z + 421. List the prime factors of o.
2, 127
Let a = -6 + 25. Let m = -26 + 42. Suppose -a*u = -m*u - 174. What are the prime factors of u?
2, 29
Suppose 1670 = 12*t - 7*t. Suppose 7*o - t = -19. Let u = 80 - o. List the prime factors of u.
5, 7
Let l(w) = -95*w**3 - 48*w**2 - 288*w - 17. What are the prime factors of l(-7)?
2, 3, 17, 79
Let a = -384 - -390. List the prime factors of 3/(a/(-98))*(-9 - 10).
7, 19
Suppose -4*h + 116 = 5*j, -6*j + j + h = -121. Let n(y) = 23 + 19*y - j - 6*y - y**3 + 0*y**2 + 9*y**2. List the prime fa